6*v - 5*v - 4*o + 4 = 0. What are the prime factors of i(v)?
2
Suppose 0 = -5*j - 1038 + 4668. List the prime factors of j.
2, 3, 11
Suppose -5*x = -3*o - 167, -5*x + 2*x + 100 = -2*o. Suppose m - x = -m. What are the prime factors of m?
17
Suppose 3*b - 10 = -2*b. Suppose 3*o - 6*o - b*d = -8, -o = -2*d - 16. List the prime factors of o.
2, 3
Let w = -246 + 3113. What are the prime factors of w?
47, 61
Suppose -3*d - 451 + 385 = 0. Let v = 86 + -22. Let t = d + v. What are the prime factors of t?
2, 3, 7
Suppose j = -4*u + 6, 0 = -2*j - 3*j - 3*u + 13. Let w(y) = -y**3 + y**2 - y - 3. Let l be w(0). List the prime factors of j/l*6 + 50.
2, 23
Let q be 23 - (2/5)/((-8)/40). Let l = q + 72. List the prime factors of l.
97
Let f(d) = -d**3 + 5*d**2 - 7*d + 5. Let j be f(4). Let q = j + 1. Let i = 1 - q. List the prime factors of i.
7
Let d = -445 + 1029. What are the prime factors of d?
2, 73
Let v(q) = -40*q - 18. Let j be v(-7). Let u = 595 - j. What are the prime factors of u?
3, 37
Let t be (0 + 0)*3/6. Suppose -7*c + 8*c = t. Suppose -4*f + c*f + 68 = 0. List the prime factors of f.
17
Let c be (-42)/11 - ((-30)/(-55))/3. What are the prime factors of c/(-24) - (-407)/6?
2, 17
Let j(b) = -2*b**3 - 2*b**2 + 5*b - 4. Let i(f) = -f**3 - 11*f**2 - 9*f + 12. Let v be i(-10). Let r be j(v). Let n = r + 90. List the prime factors of n.
2, 3
Let u(h) = -13*h - 16. Let v be u(5). Let t = -26 - v. List the prime factors of t.
5, 11
Let a(f) = 2*f + 2 + 0*f**2 - 15 - f**3 + 4*f**2 + 6*f**2. Suppose 3*r - 40 = -r. What are the prime factors of a(r)?
7
Suppose 4*n + d = -2*d + 21, -5*n = 5*d - 30. Suppose -n*g + 2*g + 104 = 0. Suppose 5*t - g = t. What are the prime factors of t?
2, 13
Let j(s) = s**3 + 6*s**2 - 9*s - 8. Let i be j(-7). Suppose 13*u + 40 = 17*u. Suppose -i*z = -z - u. List the prime factors of z.
2
Let w = -2166 + 4185. List the prime factors of w.
3, 673
What are the prime factors of 9/3*(-1668)/(-36)?
139
Suppose -4*x + 2 + 2 = 0. Let u(i) = 179*i**3 - 3*i**2 + 2*i + 1. List the prime factors of u(x).
179
Suppose 0*i - i + 3*m = -57, 4*m = i - 54. Suppose -448 = 62*u - i*u. What are the prime factors of u?
2, 7
Suppose 3*k = 4*l - 8*l + 4762, 4*l - 6356 = -4*k. List the prime factors of k.
2, 797
List the prime factors of (-1425428)/367*(0 - (-2)/(-4)).
2, 971
Let q(m) = 4*m**2 - 2*m + 2. Let b be q(8). Let f = b + -164. Suppose -2*z - z = -f. What are the prime factors of z?
2, 13
Suppose -3292 = -14*f + 2784. Suppose -f = -5*q + 4*j, q + 3*j = 34 + 49. What are the prime factors of q?
2, 43
Suppose 0 = 22*d - 2722 - 358. List the prime factors of d.
2, 5, 7
Suppose 0 = -8*g + 5*g + 6. Let m(u) = 35*u. Let d be m(g). What are the prime factors of 37/7 + (-20)/d?
5
Let q = 0 + 5. Suppose 33 = n + 2*g, q*n - 2*g = 36 + 129. Suppose n = 2*y + 4*s + s, -5*y + 2*s + 68 = 0. List the prime factors of y.
2, 7
Suppose 0 = -2*v - o + 332, -v + 3*o + 819 = 4*v. What are the prime factors of v?
3, 5, 11
Suppose -7*x = -5*x - 4. Suppose 0 = -q - 5*d + 25, -14 - x = -4*q + d. Suppose q*c - m = 90, -7 = 2*m - 17. What are the prime factors of c?
19
Suppose -o + 435 = 2*o. Let a = o - 89. List the prime factors of a.
2, 7
List the prime factors of (-3)/3 + -6 + 526 + -8.
7, 73
Let a(u) = -5*u + 48*u**2 + 34*u**2 + 6*u - 9 + 8. What are the prime factors of a(-1)?
2, 5
Let k(m) = -158*m + 14. Let d(b) = -79*b + 6. Let i(c) = 5*d(c) - 2*k(c). List the prime factors of i(-1).
3
Let y be 52/6 + 4/3. Let q = 11 - y. Suppose -h - q = -4. List the prime factors of h.
3
Let z(i) = 320*i - 42. List the prime factors of z(1).
2, 139
Let l be (-5)/((-40)/662) + (-2)/(-8). Let o = 119 - l. List the prime factors of o.
2, 3
Suppose -5*z + 1442 = 3*y, -4*z + 2*z = -8. What are the prime factors of y?
2, 3, 79
Let d(s) = -s**3 - 12*s**2 + 13*s + 2. Let c be d(-13). Let h be 6*(-1)/c + 5. Suppose h*q = -3*q + 10. List the prime factors of q.
2
Suppose -5*y = r + 4*r - 165, 3*r - 92 = 4*y. List the prime factors of ((-2)/3)/(r/(-8112)).
13
List the prime factors of 2/(-5) + 15 + (-7124)/(-10).
727
Suppose 2*z + 111 = -5*d + 513, 2*d - 2*z - 158 = 0. List the prime factors of 18/(-15)*d/(-12).
2
List the prime factors of (1 + 23/2)*(-136)/(-5).
2, 5, 17
Let b = -1960 + 3867. List the prime factors of b.
1907
Let a = -53 + 37. Let h = a + 21. Suppose -h*k = -7*k + 42. What are the prime factors of k?
3, 7
Let w = -188 - -841. What are the prime factors of w?
653
Suppose 899 = 19*k + 10*k. List the prime factors of k.
31
Let h = -1785 - -2583. List the prime factors of h.
2, 3, 7, 19
Let i(g) = 6*g - 14. Let c(d) = 7*d - 14. Let s(h) = 3*c(h) - 4*i(h). Let a be s(13). What are the prime factors of -1*(-3 - a)/(-2)?
11
Let s(j) = -8*j - 3 + 0*j + 4*j. Let z be (-387)/45 + (-2)/5. What are the prime factors of s(z)?
3, 11
Let o(n) = -n + 5. Let m be o(5). Suppose -31 = -5*s + 4*a, m*a - 5 = -3*s - a. Let u = 27 + s. What are the prime factors of u?
2, 3, 5
Let s(i) = 5*i + 3. Let v be s(-1). List the prime factors of (-38)/(-95) - v/10*653.
131
Suppose -3*s - 5*a + 2*a = 51, 0 = -3*s - a - 41. Let k(g) = -g**3 - 12*g**2 - 13*g - 7. List the prime factors of k(s).
149
Let p(l) = 1078*l - 278. List the prime factors of p(5).
2, 3, 71
Let v(c) = 2*c**2 + 3*c + 7. Let m be v(-4). Suppose -3*d = -0 - m. Suppose d = x + 2*x. What are the prime factors of x?
3
Suppose 8 + 2 = 5*q. Suppose 0 = q*u + u. Suppose -4*t - t + 75 = u. List the prime factors of t.
3, 5
List the prime factors of ((-134)/5)/((-1190)/(-300) + -4).
2, 3, 67
Let q(y) = -9. Let j(o) = o + 1. Let v(p) = 5*j(p) + q(p). Let g be v(9). Let k = g + 2. List the prime factors of k.
43
Let o(j) = j**3 - 11*j**2 + 3*j + 2. Suppose 0 = -8*v + 4*v. Suppose -5*i = 5*w - 60, -w - 1 + 2 = v. List the prime factors of o(i).
5, 7
Let r(l) be the second derivative of 5*l**3/3 - 7*l**2 + 5*l. List the prime factors of r(9).
2, 19
Let h(g) be the second derivative of 3*g**3 + 5*g**2/2 - 6*g. Let w(u) = u - 1. Let k(v) = -h(v) - 3*w(v). List the prime factors of k(-1).
19
Let r(a) = -a**3 + 8*a**2 + 11*a - 10. Suppose 3*b - 54 = -3*y, -2*b + 4*y - y = -11. Let v = -4 + b. What are the prime factors of r(v)?
2
Suppose 7*x - 36 = x. Let i(m) = -4*m + 51. List the prime factors of i(x).
3
List the prime factors of (-16041)/(-4) + 574/328.
2, 17, 59
Suppose 0 = -a, -2*d - 6*a + 8*a + 1022 = 0. List the prime factors of d.
7, 73
Suppose -4*p = 5*a - 30 - 28, -4*p - 2*a + 52 = 0. What are the prime factors of (-4 - (-54)/p)*598?
13, 23
Suppose 6*u = 2*u + 72368. Suppose 5*n + 0*a = -4*a + 18116, -5*n + 2*a = -u. List the prime factors of n/55 + 2/11.
2, 3, 11
Let w be (-4 - 2)*(-116)/(-12). Let o = 18 + w. Let a = -26 - o. What are the prime factors of a?
2, 7
Let l = -993 - -1588. What are the prime factors of l?
5, 7, 17
Let c be (2/(-4))/((-1)/(-2)). Let f be ((-7)/(-14))/(c/(-86)). Let d = 64 - f. What are the prime factors of d?
3, 7
Suppose 0 = 56*w - 86751 + 13391. What are the prime factors of w?
2, 5, 131
Let r(x) = 27 + 6*x - 6 - 4*x + x**2 - 16*x. List the prime factors of r(14).
3, 7
Suppose -4*g = o - 6 - 13, -2 = 2*o - 2*g. Suppose -4*i - o*m = -i - 174, -5*i + 3*m = -298. List the prime factors of i.
59
Suppose 49*x - 2*h + 80 = 51*x, -2*h + 4 = 0. List the prime factors of x.
2, 19
Let d = 4598 - 3131. List the prime factors of d.
3, 163
Let d(s) = -s**3 - 7*s**2 + 5. Let l be d(-7). Suppose 4*g - 3*i = 106, -2*i - i + 146 = l*g. What are the prime factors of g?
2, 7
Let h(s) = 21*s + 28*s - 12*s + 2*s. Let q be h(1). List the prime factors of (q/(-9))/(3/(-36)).
2, 13
Suppose 25 = -5*m - 5*z, m + 5*z - 3*z = -10. Suppose m*i = -5*i + 210. What are the prime factors of i?
2, 3, 7
Suppose -4*a + 9*a = 15. Suppose 0*z + z = -a*n + 409, -z = -n + 131. Let s = 189 - n. List the prime factors of s.
2, 3
Let s(j) = j**2 - 4*j + 3. Let h be s(1). Suppose -4*m + 12 = h, 8*q - 146 = 3*q + 3*m. List the prime factors of q.
31
Suppose 0 = -3*h - 5*v + 1615, 0 = -3*h - 4*v + 2*v + 1600. What are the prime factors of h?
2, 5, 53
Suppose 95*q - 105*q + 7340 = 0. What are the prime factors of q?
2, 367
Suppose 12 = -5*x + 52. What are the prime factors of (6/x)/((-23)/(-1748))?
3, 19
Let y(o) = o - 3*o + o**2 + 0*o**2 + 92. Li